divisor of 15 and s?
15
Let m be (-2 + 12)*184/16. Let s be -2 + 2 + 0 + 5. Suppose 3*a = f + s*a - 13, -4*f + 82 = 2*a. Calculate the highest common divisor of f and m.
23
Suppose -16*x = -13*x - 2*k + 3, x + 4*k = 13. Let l be -9*(x - -2 - (-232)/(-12)). What is the highest common divisor of l and 21?
21
Let b(j) = -j**3 - 8*j**2 - 5*j + 18. Let g be b(-7). Suppose g*y + 64 = c, -c - 4*c + 338 = -2*y. Calculate the highest common factor of c and 8.
4
Let o(s) be the second derivative of -7*s**3/2 - 87*s**2/2 - 197*s. Let w be o(-5). Calculate the greatest common factor of w and 522.
18
Let y(x) = 3*x + 5. Let p be y(3). Suppose 19*c - p*c = 30. Suppose 2*q = c*q - 792. What is the greatest common factor of 22 and q?
22
Let q be (-49 + 35259/105)*(54/4 - 1). Calculate the greatest common factor of q and 30.
15
Suppose 25585 + 18095 = 42*z. What is the greatest common factor of 195 and z?
65
Let k(g) = g**3 + 17*g**2 + g + 21. Let d be k(-17). Suppose d*a - p - 105 = -0*a, -39 = -2*a + 5*p. Calculate the highest common factor of a and 18.
9
Let n = -17080 - -31929. What is the highest common factor of 31 and n?
31
Let g = 46 - -39. Suppose -101*a = -3103 - 2048. What is the highest common factor of a and g?
17
Let l = 124 - -9. Let n(r) be the third derivative of r**4/2 - 113*r**3/6 - 66*r**2. Let k be n(11). What is the highest common divisor of l and k?
19
Suppose 3*s - 972 + 99 = 0. Let w = -237 + s. Let l = 34 - 16. What is the highest common factor of w and l?
18
Suppose -188*k + 41805 = 46*k + 12321. What is the greatest common factor of 19152 and k?
126
Let s(f) = 3*f - 36. Let l = -6 - -19. Let q be s(l). Let m(o) = 2*o**2 + 2*o - 1. Let b be m(q). What is the greatest common factor of 253 and b?
23
Let k = -574 + 562. Let b be (-2)/(-12) - 70/k. What is the greatest common divisor of b and 6?
6
Suppose 137 = 5*w + 2*p, 8 - 3 = 5*p. Calculate the greatest common divisor of 3 and w.
3
Let i = -59 + 242. Suppose o - i + 53 = 0. What is the greatest common factor of 26 and o?
26
Let f(w) = -171*w - 159. Let y be f(-5). Calculate the highest common divisor of 48 and y.
24
Suppose -5*b - 912 = -z, -3*z - 2*b = -885 - 2004. Calculate the greatest common factor of z and 174.
87
Let q(m) = 29*m - 14. Let r be q(3). Let x = r + 5. Let z = x + -52. Calculate the greatest common divisor of 13 and z.
13
Let u = 4711 - 4702. What is the greatest common divisor of 34119 and u?
9
Let s = -18 - -8. Let o(i) = 15 + 10*i - 1366*i**2 + 2744*i**2 - 1376*i**2. Let u be o(s). Calculate the highest common factor of 46 and u.
23
Let r be (90/(-25) + 7 + -3)*(312 - 17). Calculate the highest common divisor of r and 3599.
59
Let t be (2/7)/(126/12348). Calculate the highest common factor of t and 189.
7
Let b = -7279 - -9449. Calculate the greatest common divisor of 140 and b.
70
Let a(f) = f**3 - 16*f**2 + 37*f + 23. Let q be a(13). Let j be q/((-10)/8*78/325). Calculate the highest common divisor of 160 and j.
10
Let m be (-6)/(-8)*61104/603. Calculate the greatest common factor of 12369 and m.
19
Let o be 3/4 + 80/320 + 186. What is the greatest common divisor of o and 220?
11
Let p = -3423 - -24416. Let s be p/17 - 90/(-765). What is the greatest common divisor of 13 and s?
13
Let u be 100/30*(-1)/((-4)/6). Let d be -1*(-92)/2 + -6. What is the greatest common divisor of d and u?
5
Let w be 4/(-18) - (8 - (-476200)/(-45)). Suppose -22*f + 822 = -w. What is the highest common factor of f and 14?
14
Let g = 66 + -26. Suppose -201*d + 196*d = -200. What is the highest common divisor of g and d?
40
Suppose 2*a - 186*f + 184*f + 4 = 0, 2*f - 10 = -a. Calculate the greatest common factor of a and 14.
2
Let g = 9 + 33. Suppose -53*c + g*c = -1595. Calculate the highest common divisor of 5 and c.
5
Let a(b) = -4*b - 38. Let w be a(-14). Let k(g) = 25*g - 45. Let l be k(w). What is the greatest common factor of l and 30?
15
Suppose 17*r = 2*m + 12*r + 3, -4 = -3*m - r. What is the highest common divisor of 98 and m?
1
Suppose 24*a - 35 = 19*a. Let r(u) = -u**3 + 7*u**2 + 8*u - 8. Let s be r(a). What is the highest common factor of 3 and s?
3
Suppose 998*c - 997*c = 28. Let m be (-117)/(-18)*-42*c/(-6). What is the greatest common factor of 26 and m?
26
Let o be (((-12)/18)/(6/(-27)))/1. Suppose 4*i = -4*w + 1884, 1401 = o*i - 3*w + 2*w. Calculate the greatest common factor of 39 and i.
39
Let t = -193 + 249. Let u = t - 1. What is the highest common divisor of 55 and u?
55
Let l(o) = 13*o - 136. Let t be l(12). Calculate the greatest common divisor of t and 860.
20
Suppose 0 = -z - 3*u + 18, 4*z + 1659*u = 1654*u + 107. Calculate the highest common factor of z and 26301.
33
Suppose 22 - 2 = 10*i. Suppose -i*q + 54 = 4*p, 3*q + p = 66 + 20. What is the greatest common divisor of q and 203?
29
Suppose 4524 + 708 = 16*d. What is the greatest common divisor of d and 13952?
109
Let q = -59 + 78. Let r(s) = s**3 + 8*s**2 + 13*s + 9. Let f be r(-5). What is the highest common divisor of f and q?
19
Let g be 0 - 123 - (-2)/1. Let c = 1 + -76. Let h = c - g. What is the highest common factor of h and 414?
46
Suppose 132*r - 2883 = 101*r. Calculate the highest common factor of 9 and r.
3
Let m = 397 - 140. Suppose 261*t = m*t + 112. Suppose 350 = 3*k + 2*k. What is the greatest common divisor of t and k?
14
Let c(d) = 3*d**3 - 3*d + 3. Let p be c(2). Let v be (-18)/((-99)/11) + 39*1. Suppose v*f - 15*f - 4368 = 0. What is the greatest common factor of p and f?
21
Suppose -193*q - 891 = -202*q. Calculate the highest common divisor of 1320 and q.
33
Let v(q) = q**3 - 6*q**2 + 19*q - 13. Let n be v(5). Suppose -192 = n*x - 60*x. Calculate the highest common divisor of x and 20.
4
Let h = -376 - -376. Suppose h = 9*p + 194 - 2138. What is the greatest common divisor of p and 24?
24
Let x = -4455 + 4575. Calculate the highest common divisor of x and 84.
12
Let v(l) = 46*l**2 - 124*l + 27. Let i be v(-7). What is the highest common factor of i and 67?
67
Suppose -58560 = -44*i - 36*i. Calculate the greatest common factor of 915 and i.
183
Suppose 5*q - 4*q = -4*p + 40, -q + 5*p + 40 = 0. Let g = q + -42. Let o be g/((-8)/67) - (-1)/4. Calculate the highest common divisor of 85 and o.
17
Let t(n) = -2*n**3 - 36*n**2 + 38*n. Let p be t(-19). Suppose 2*r = -3*l + 1 + 59, l - 5*r - 20 = p. What is the highest common factor of 15 and l?
5
Let i be 624 - -1 - (-31 + 38) - 36/6. Let k = 0 - -36. What is the greatest common divisor of i and k?
36
Suppose 0 = 2*h, 2*h - 3 = 2*k + 23. Let c(l) = l**3 + 14*l**2 + 14*l + 29. Let a be c(k). What is the greatest common factor of 56 and a?
8
Suppose 7*k + 5*f + 215 = 2*k, 3*f + 3 = 0. Let p = k - -48. Suppose -p*j = 4 - 16. Calculate the highest common divisor of 6 and j.
2
Suppose -8*h + 3114 - 549 = -1379. What is the greatest common divisor of 145 and h?
29
Suppose 4*t = -2*y + 33250, -29*y + 33*y + 28 = 0. What is the highest common divisor of t and 44?
44
Suppose 442*v = 440*v + 5*i + 1876, 4632 = 5*v + 2*i. What is the highest common divisor of 288 and v?
32
Let i = 457 + -436. Suppose 45*r - 240 = i*r. Calculate the highest common factor of 10 and r.
10
Suppose 4*u - 3*m - 431 = 207, 5*u + 5*m = 780. What is the highest common factor of 3002 and u?
158
Let b be 6*((-5)/(-8))/(4/16). Let z be 3/(6/14) - 4. Calculate the highest common factor of b and z.
3
Let w(r) = 827*r**3 - 9*r**2 + 10. Let c be w(1). Calculate the highest common divisor of c and 288.
36
Suppose 3 = -0*c + c. Suppose 3*x - 4*x + 5*z = -61, 0 = c*x - 4*z - 128. Suppose 6*l - 72 = -0*l. What is the greatest common divisor of x and l?
12
Suppose 8*w = 111*w - 412. What is the highest common divisor of w and 128?
4
Suppose 104*f + 2910 = 99*f. Let w = f - -602. What is the highest common factor of w and 810?
10
Suppose 5*p + 4168 = 4283. What is the highest common factor of p and 3197?
23
Suppose -5*o + 2 - 24 = 3*a, 4*a = 4*o - 40. Let f(q) = -q - 6. Let t be f(a). Suppose t*r - 5*r + 144 = 0. Calculate the greatest common factor of r and 36.
36
Let m = -9 - -33. Suppose 53*n - 661 = 48*n + t, 0 = 2*n - 4*t - 268. Calculate the greatest common factor of n and m.
12
Let f(a) = 8*a - 7. Let i be f(5). Let b be (20/8)/(4*4/32). Suppose -b*v + 495 = 2*p - 5*p, 3*v = -2*p +